{"id":465,"date":"2023-06-13T15:27:30","date_gmt":"2023-06-13T13:27:30","guid":{"rendered":"http:\/\/pepinierepierreetlili.fr\/?post_type=product&#038;p=465"},"modified":"2025-12-25T14:38:52","modified_gmt":"2025-12-25T13:38:52","slug":"nectarinier-felligni","status":"publish","type":"product","link":"https:\/\/www.pepinierepierreetlili.fr\/index.php\/produit\/nectarinier-felligni\/","title":{"rendered":"Nectarinier Felligni"},"content":{"rendered":"<p>Le nectarinier \u2018Felligni\u2019 est une vari\u00e9t\u00e9 ancienne et savoureuse, pris\u00e9e pour la qualit\u00e9 et la beaut\u00e9 de ses fruits. Cet arbre fruitier s\u2019adapte parfaitement aux vergers familiaux ou aux jardins spacieux, offrant \u00e0 la fois productivit\u00e9, esth\u00e9tique et gourmandise.<\/p>\n<p>Le Nectarinier Felligni produit des nectarines \u00e0 peau lisse et chair juteuse, sucr\u00e9es et parfum\u00e9es, id\u00e9ales pour la consommation fra\u00eeche, les desserts ou les confitures. Les fruits se r\u00e9coltent en \u00e9t\u00e9 et se distinguent par leur go\u00fbt riche et \u00e9quilibr\u00e9.<\/p>\n<p>Dans notre p\u00e9pini\u00e8re, le nectarinier est cultiv\u00e9 sans travail du sol et selon des m\u00e9thodes biologiques, garantissant des arbres robustes, r\u00e9sistants aux maladies et adapt\u00e9s \u00e0 diff\u00e9rents climats. Cette approche favorise un enracinement profond et une meilleure assimilation des nutriments.<\/p>\n<p>\ud83c\udf31 Donn\u00e9es techniques<br \/>\nVigueur : vigoureuse<br \/>\nPort : arrondi et ouvert<br \/>\nMise \u00e0 fruit : moyenne, 3\u20114 ans apr\u00e8s plantation<br \/>\nProduction : r\u00e9guli\u00e8re et abondante<br \/>\nP\u00e9riode de floraison : printemps<br \/>\nPollinisation : autofertile<br \/>\nP\u00e9riode de r\u00e9colte : \u00e9t\u00e9 (juillet \u00e0 ao\u00fbt selon r\u00e9gion)<br \/>\nUtilisation des fruits : consommation fra\u00eeche, desserts, confitures<br \/>\nAdaptation climatique : bonne, pr\u00e9f\u00e8re climat temp\u00e9r\u00e9 doux<br \/>\nMode de culture : agriculture biologique, sans travail du sol<br \/>\nParticularit\u00e9 : fruit sucr\u00e9, juteux et parfum\u00e9, peau lisse<\/p>\n","protected":false},"excerpt":{"rendered":"<p>Le nectarinier \u2018Felligni\u2019 est une vari\u00e9t\u00e9 ancienne et savoureuse, pris\u00e9e pour la qualit\u00e9 et la beaut\u00e9 de ses fruits. Cet arbre fruitier s\u2019adapte parfaitement aux vergers familiaux ou aux jardins spacieux, offrant \u00e0 la fois productivit\u00e9, esth\u00e9tique et gourmandise.<\/p>\n<p>Le Nectarinier Felligni produit des nectarines \u00e0 peau lisse et chair juteuse, sucr\u00e9es et parfum\u00e9es, id\u00e9ales pour la consommation fra\u00eeche, les desserts ou les confitures. Les fruits se r\u00e9coltent en \u00e9t\u00e9 et se distinguent par leur go\u00fbt riche et \u00e9quilibr\u00e9.<\/p>\n<p>Dans notre p\u00e9pini\u00e8re, le nectarinier est cultiv\u00e9 sans travail du sol et selon des m\u00e9thodes biologiques, garantissant des arbres robustes, r\u00e9sistants aux maladies et adapt\u00e9s \u00e0 diff\u00e9rents climats. Cette approche favorise un enracinement profond et une meilleure assimilation des nutriments.<\/p>\n<p>\ud83c\udf31 Donn\u00e9es techniques<br \/>\nVigueur : vigoureuse<br \/>\nPort : arrondi et ouvert<br \/>\nMise \u00e0 fruit : moyenne, 3\u20114 ans apr\u00e8s plantation<br \/>\nProduction : r\u00e9guli\u00e8re et abondante<br \/>\nP\u00e9riode de floraison : printemps<br \/>\nPollinisation : autofertile<br \/>\nP\u00e9riode de r\u00e9colte : \u00e9t\u00e9 (juillet \u00e0 ao\u00fbt selon r\u00e9gion)<br \/>\nUtilisation des fruits : consommation fra\u00eeche, desserts, confitures<br \/>\nAdaptation climatique : bonne, pr\u00e9f\u00e8re climat temp\u00e9r\u00e9 doux<br \/>\nMode de culture : agriculture biologique, sans travail du sol<br \/>\nParticularit\u00e9 : fruit sucr\u00e9, juteux et parfum\u00e9, peau lisse<\/p>\n","protected":false},"featured_media":1677,"template":"","meta":{"site-sidebar-layout":"default","site-content-layout":"default","ast-global-header-display":"","ast-banner-title-visibility":"","ast-main-header-display":"","ast-hfb-above-header-display":"","ast-hfb-below-header-display":"","ast-hfb-mobile-header-display":"","site-post-title":"","ast-breadcrumbs-content":"","ast-featured-img":"","footer-sml-layout":"","theme-transparent-header-meta":"default","adv-header-id-meta":"","stick-header-meta":"","header-above-stick-meta":"","header-main-stick-meta":"","header-below-stick-meta":""},"product_brand":[],"product_cat":[48],"product_tag":[],"class_list":{"0":"post-465","1":"product","2":"type-product","3":"status-publish","4":"has-post-thumbnail","6":"product_cat-pecher","7":"desktop-align-left","8":"tablet-align-left","9":"mobile-align-left","11":"first","12":"outofstock","13":"taxable","14":"shipping-taxable","15":"purchasable","16":"product-type-variable"},"jetpack_sharing_enabled":true,"_links":{"self":[{"href":"https:\/\/www.pepinierepierreetlili.fr\/index.php\/wp-json\/wp\/v2\/product\/465","targetHints":{"allow":["GET"]}}],"collection":[{"href":"https:\/\/www.pepinierepierreetlili.fr\/index.php\/wp-json\/wp\/v2\/product"}],"about":[{"href":"https:\/\/www.pepinierepierreetlili.fr\/index.php\/wp-json\/wp\/v2\/types\/product"}],"wp:featuredmedia":[{"embeddable":true,"href":"https:\/\/www.pepinierepierreetlili.fr\/index.php\/wp-json\/wp\/v2\/media\/1677"}],"wp:attachment":[{"href":"https:\/\/www.pepinierepierreetlili.fr\/index.php\/wp-json\/wp\/v2\/media?parent=465"}],"wp:term":[{"taxonomy":"product_brand","embeddable":true,"href":"https:\/\/www.pepinierepierreetlili.fr\/index.php\/wp-json\/wp\/v2\/product_brand?post=465"},{"taxonomy":"product_cat","embeddable":true,"href":"https:\/\/www.pepinierepierreetlili.fr\/index.php\/wp-json\/wp\/v2\/product_cat?post=465"},{"taxonomy":"product_tag","embeddable":true,"href":"https:\/\/www.pepinierepierreetlili.fr\/index.php\/wp-json\/wp\/v2\/product_tag?post=465"}],"curies":[{"name":"wp","href":"https:\/\/api.w.org\/{rel}","templated":true}]}}